{"id":16001,"date":"2020-01-20T18:47:37","date_gmt":"2020-01-20T18:47:37","guid":{"rendered":"https:\/\/dkdmc.com\/?page_id=16001"},"modified":"2023-11-17T17:30:24","modified_gmt":"2023-11-17T17:30:24","slug":"company-info","status":"publish","type":"page","link":"https:\/\/dkdmc.com\/cms\/company-info\/","title":{"rendered":"Company Info"},"content":{"rendered":"<p><strong>Informacije o tvrtki\/Company Info<\/strong><\/p>\n<p><strong>Tvrtka\/Company <\/strong><\/p>\n<p>PUTNI\u010cKA AGENCIJA DK DMC (DK Events Croatia DMC)<\/p>\n<p>OBRT ZA USLUGE DK DMC Vl. \u0110ana Jer\u010di\u0107<\/p>\n<p><strong>\u00a0<\/strong><\/p>\n<p><strong>Sjedi\u0161te\/Company headquarters<\/strong><\/p>\n<p>Domovinskog rata 27c<\/p>\n<p>21000 Split, Hrvatska\/Croatia<\/p>\n<p>&nbsp;<\/p>\n<p><strong>Voditelj poslova i poslovnice\/Business manager <\/strong><\/p>\n<p>\u0110ana Jer\u010di\u0107<\/p>\n<p><strong>Svojstvo u kojem nastupa i ovla\u0161tenja koja ima voditelj poslova<\/strong><\/p>\n<p>Direktor, zastupa agenciju pojedina\u010dno i samostalno<\/p>\n<p>&nbsp;<\/p>\n<p><strong>Kontakti\/Contacts <\/strong><\/p>\n<p>E-mail: <a href=\"mailto:contact@dkdmc.com\">contact@dkdmc.com<\/a><br \/>\nTelefon\/Phone: +385 21 770 460<br \/>\nFax: +385 21 383 512<\/p>\n<p><strong>\u00a0<\/strong><\/p>\n<p><strong>Radno vrijeme\/Working Hours<\/strong><\/p>\n<p>Ponedjeljak &#8211; Petak 09:00-17:00<\/p>\n<p>Monday \u2013 Friday 09:00-17:00<\/p>\n<p>Subotom i nedjeljom \u2013 zatvoreno<\/p>\n<p>Saturday and Sunday \u2013 closed<\/p>\n<p><strong>\u00a0<\/strong><\/p>\n<p><strong>Nadle\u017eni sud\/Court Jurisdiction<\/strong><\/p>\n<p>Trgova\u010dki sud u Splitu\/Commercial Court in Split, Croatia<\/p>\n<p>&nbsp;<\/p>\n<p><strong>Obrtni Registar\/Company Registry \u00a0\u00a0<\/strong><\/p>\n<p>Agencija\/Obrt je upisana u obrtni registar u Splitu\/Company is registered in Split<\/p>\n<p>MBO\/Company number: 97214213<\/p>\n<p>OIB\/VAT No: HR11829011603<\/p>\n<p><strong>\u00a0<\/strong><\/p>\n<p><strong>Nadle\u017eno tijelo slu\u017ebenog nadzora\/Overseen by the governing body<\/strong><\/p>\n<p>Ministarstvo Turizma &#8211; Samostalni Sektor Turisti\u010dke Inspekcije<\/p>\n<p>Ministry of Tourism \u2013 tourist inspection department<\/p>\n<p>&nbsp;<\/p>\n<p><strong>OVLA\u0160TENJA AGENCIJE DK DMC:<\/strong><\/p>\n<p>PUTNI\u010cKA AGENCIJA DK DMC \u2013 OBRT ZA USLUGE DK DMC Vl. \u0110ana Jer\u010di\u0107 djeluje u svoje ime a za tu\u0111i ra\u010dun klijenta, te pribavlja i organizira putni\u010dke usluge u destinaciji za svoje kupce.<\/p>\n<p>&nbsp;<\/p>\n<p>&nbsp;<\/p>\n","protected":false},"excerpt":{"rendered":"<p>Informacije o tvrtki\/Company Info Tvrtka\/Company PUTNI\u010cKA AGENCIJA DK DMC (DK Events Croatia DMC) OBRT ZA USLUGE DK DMC Vl. \u0110ana Jer\u010di\u0107 \u00a0 Sjedi\u0161te\/Company headquarters Domovinskog rata 27c 21000 Split, Hrvatska\/Croatia &nbsp; Voditelj poslova i poslovnice\/Business manager \u0110ana Jer\u010di\u0107 Svojstvo u kojem nastupa i ovla\u0161tenja koja&#8230;<\/p>\n","protected":false},"author":1,"featured_media":0,"parent":0,"menu_order":0,"comment_status":"closed","ping_status":"open","template":"","meta":{"footnotes":""},"class_list":["post-16001","page","type-page","status-publish","hentry"],"yoast_head":"<!-- This site is optimized with the Yoast SEO plugin v27.4 - https:\/\/yoast.com\/product\/yoast-seo-wordpress\/ -->\n<title>Company Info - DK EVENTS CROATIA DMC<\/title>\n<meta name=\"description\" content=\"DK Events Croatia DMC - Travel Agency contact info &amp; address. Domovinskog rata 27C Split - Croatia - Tel: +385 21 770 460\" \/>\n<meta name=\"robots\" content=\"index, follow, max-snippet:-1, max-image-preview:large, max-video-preview:-1\" \/>\n<link rel=\"canonical\" href=\"https:\/\/dkdmc.com\/cms\/company-info\/\" \/>\n<meta property=\"og:locale\" content=\"en_GB\" \/>\n<meta property=\"og:type\" content=\"article\" \/>\n<meta property=\"og:title\" content=\"Company Info - DK EVENTS CROATIA DMC\" \/>\n<meta property=\"og:description\" content=\"DK Events Croatia DMC - Travel Agency contact info &amp; address. Domovinskog rata 27C Split - Croatia - Tel: +385 21 770 460\" \/>\n<meta property=\"og:url\" content=\"https:\/\/dkdmc.com\/cms\/company-info\/\" \/>\n<meta property=\"og:site_name\" content=\"DK EVENTS CROATIA DMC\" \/>\n<meta property=\"article:modified_time\" content=\"2023-11-17T17:30:24+00:00\" \/>\n<meta name=\"twitter:card\" content=\"summary_large_image\" \/>\n<meta name=\"twitter:label1\" content=\"Estimated reading time\" \/>\n\t<meta name=\"twitter:data1\" content=\"1 minute\" \/>\n<!-- \/ Yoast SEO plugin. -->","yoast_head_json":{"title":"Company Info - DK EVENTS CROATIA DMC","description":"DK Events Croatia DMC - Travel Agency contact info & address. Domovinskog rata 27C Split - Croatia - Tel: +385 21 770 460","robots":{"index":"index","follow":"follow","max-snippet":"max-snippet:-1","max-image-preview":"max-image-preview:large","max-video-preview":"max-video-preview:-1"},"canonical":"https:\/\/dkdmc.com\/cms\/company-info\/","og_locale":"en_GB","og_type":"article","og_title":"Company Info - DK EVENTS CROATIA DMC","og_description":"DK Events Croatia DMC - Travel Agency contact info & address. Domovinskog rata 27C Split - Croatia - Tel: +385 21 770 460","og_url":"https:\/\/dkdmc.com\/cms\/company-info\/","og_site_name":"DK EVENTS CROATIA DMC","article_modified_time":"2023-11-17T17:30:24+00:00","twitter_card":"summary_large_image","twitter_misc":{"Estimated reading time":"1 minute"},"schema":{"@context":"https:\/\/schema.org","@graph":[{"@type":"WebPage","@id":"https:\/\/dkdmc.com\/cms\/company-info\/","url":"https:\/\/dkdmc.com\/cms\/company-info\/","name":"Company Info - DK EVENTS CROATIA DMC","isPartOf":{"@id":"https:\/\/dkdmc.com\/cms\/#website"},"datePublished":"2020-01-20T18:47:37+00:00","dateModified":"2023-11-17T17:30:24+00:00","description":"DK Events Croatia DMC - Travel Agency contact info & address. Domovinskog rata 27C Split - Croatia - Tel: +385 21 770 460","breadcrumb":{"@id":"https:\/\/dkdmc.com\/cms\/company-info\/#breadcrumb"},"inLanguage":"en-GB","potentialAction":[{"@type":"ReadAction","target":["https:\/\/dkdmc.com\/cms\/company-info\/"]}]},{"@type":"BreadcrumbList","@id":"https:\/\/dkdmc.com\/cms\/company-info\/#breadcrumb","itemListElement":[{"@type":"ListItem","position":1,"name":"Home","item":"https:\/\/dkdmc.com\/cms\/"},{"@type":"ListItem","position":2,"name":"Company Info"}]},{"@type":"WebSite","@id":"https:\/\/dkdmc.com\/cms\/#website","url":"https:\/\/dkdmc.com\/cms\/","name":"DK EVENTS CROATIA DMC","description":"Destination Management in Croatia, MICE Logistics, Travel, Sailing and DMC Services","publisher":{"@id":"https:\/\/dkdmc.com\/cms\/#organization"},"potentialAction":[{"@type":"SearchAction","target":{"@type":"EntryPoint","urlTemplate":"https:\/\/dkdmc.com\/cms\/?s={search_term_string}"},"query-input":{"@type":"PropertyValueSpecification","valueRequired":true,"valueName":"search_term_string"}}],"inLanguage":"en-GB"},{"@type":"Organization","@id":"https:\/\/dkdmc.com\/cms\/#organization","name":"DK EVENTS CROATIA DMC","url":"https:\/\/dkdmc.com\/cms\/","logo":{"@type":"ImageObject","inLanguage":"en-GB","@id":"https:\/\/dkdmc.com\/cms\/#\/schema\/logo\/image\/","url":"https:\/\/i0.wp.com\/dkdmc.com\/cms\/wp-content\/uploads\/2019\/12\/logo_1.png?fit=510%2C160&ssl=1","contentUrl":"https:\/\/i0.wp.com\/dkdmc.com\/cms\/wp-content\/uploads\/2019\/12\/logo_1.png?fit=510%2C160&ssl=1","width":510,"height":160,"caption":"DK EVENTS CROATIA DMC"},"image":{"@id":"https:\/\/dkdmc.com\/cms\/#\/schema\/logo\/image\/"}}]}},"jetpack_sharing_enabled":true,"_links":{"self":[{"href":"https:\/\/dkdmc.com\/cms\/wp-json\/wp\/v2\/pages\/16001","targetHints":{"allow":["GET"]}}],"collection":[{"href":"https:\/\/dkdmc.com\/cms\/wp-json\/wp\/v2\/pages"}],"about":[{"href":"https:\/\/dkdmc.com\/cms\/wp-json\/wp\/v2\/types\/page"}],"author":[{"embeddable":true,"href":"https:\/\/dkdmc.com\/cms\/wp-json\/wp\/v2\/users\/1"}],"replies":[{"embeddable":true,"href":"https:\/\/dkdmc.com\/cms\/wp-json\/wp\/v2\/comments?post=16001"}],"version-history":[{"count":4,"href":"https:\/\/dkdmc.com\/cms\/wp-json\/wp\/v2\/pages\/16001\/revisions"}],"predecessor-version":[{"id":16020,"href":"https:\/\/dkdmc.com\/cms\/wp-json\/wp\/v2\/pages\/16001\/revisions\/16020"}],"wp:attachment":[{"href":"https:\/\/dkdmc.com\/cms\/wp-json\/wp\/v2\/media?parent=16001"}],"curies":[{"name":"wp","href":"https:\/\/api.w.org\/{rel}","templated":true}]}}