{"id":15534,"date":"2019-12-29T17:12:59","date_gmt":"2019-12-29T17:12:59","guid":{"rendered":"https:\/\/dkdmc.com\/?page_id=15534"},"modified":"2025-02-19T12:51:14","modified_gmt":"2025-02-19T12:51:14","slug":"split-dmc","status":"publish","type":"page","link":"https:\/\/dkdmc.com\/cms\/split-dmc\/","title":{"rendered":"Split"},"content":{"rendered":"<p>[vc_row css_animation=&#8221;&#8221; row_type=&#8221;row&#8221; use_row_as_full_screen_section=&#8221;no&#8221; type=&#8221;grid&#8221; angled_section=&#8221;no&#8221; text_align=&#8221;left&#8221; background_image_as_pattern=&#8221;without_pattern&#8221; padding_bottom=&#8221;0&#8243; background_color=&#8221;#ffffff&#8221; padding_top=&#8221;95&#8243;][vc_column][vc_gallery type=&#8221;image_grid&#8221; images=&#8221;17112,17161&#8243; img_size=&#8221;full&#8221; onclick=&#8221;&#8221; column_number=&#8221;2&#8243; grayscale=&#8221;no&#8221; images_space=&#8221;gallery_with_space&#8221; css=&#8221;.vc_custom_1739960859019{padding-bottom: 50px !important;}&#8221;][vc_row_inner row_type=&#8221;row&#8221; use_as_box=&#8221;use_row_as_box&#8221; type=&#8221;full_width&#8221; text_align=&#8221;left&#8221; css_animation=&#8221;&#8221; padding=&#8221;0&#8243; padding_top=&#8221;0&#8243; padding_bottom=&#8221;28&#8243;][vc_column_inner][vc_separator type=&#8221;transparent&#8221; up=&#8221;17&#8243; down=&#8221;0&#8243;][vc_column_text]<\/p>\n<h2 style=\"text-align: center;\">SPLIT DMC &#8211; Organise Conferences, Meetings, Events and Incentive Programmes in Split<\/h2>\n<p>&nbsp;<\/p>\n<h3 style=\"text-align: center;\"><strong>Discover the Best Venues and Activities for Your Events in Split\u00a0 \u00a0<\/strong><\/h3>\n<p>[\/vc_column_text][vc_separator type=&#8221;transparent&#8221; up=&#8221;10&#8243; down=&#8221;30&#8243;][vc_column_text]<\/p>\n<p style=\"font-size: 120%;\" align=\"justify\"><strong>Split<\/strong> is a Mediterranean city with natural charm and a relaxed vibe. Built around the impressive 1700-year-old <strong>Diocletian&#8217;s Palace<\/strong>, the city was once home to the Roman Emperor Diocletian. The palace, combined with the seaside promenade &#8216;Riva&#8217; lined with palm trees, trendy cafes, and shops, paints a beautiful picture of Split. The city offers a variety of <strong>hotels, venues, and activities,<\/strong> with easy access to stunning Dalmatian islands like <strong>Hvar, Bra\u010d, and \u0160olta.<\/strong> Additionally, Split boasts many <strong>4 and 5-star hotels<\/strong>, including some famous <strong>international hotel chains<\/strong>.<\/p>\n<p>[\/vc_column_text][vc_separator type=&#8221;transparent&#8221; up=&#8221;12&#8243; down=&#8221;0&#8243;][\/vc_column_inner][\/vc_row_inner][\/vc_column][\/vc_row][vc_row css_animation=&#8221;&#8221; row_type=&#8221;row&#8221; use_row_as_full_screen_section=&#8221;no&#8221; type=&#8221;full_width&#8221; angled_section=&#8221;no&#8221; text_align=&#8221;left&#8221; background_image_as_pattern=&#8221;without_pattern&#8221; background_color=&#8221;#ffffff&#8221;][vc_column][vc_separator type=&#8221;transparent&#8221; up=&#8221;60&#8243; down=&#8221;0&#8243;][\/vc_column][\/vc_row][vc_row row_type=&#8221;parallax&#8221; parallax_content_width=&#8221;in_grid&#8221; text_align=&#8221;center&#8221; full_screen_section_height=&#8221;no&#8221; background_image=&#8221;15544&#8243; section_height=&#8221;500&#8243;][vc_column][vc_separator type=&#8221;transparent&#8221; up=&#8221;165&#8243; down=&#8221;0&#8243;][vc_row_inner row_type=&#8221;row&#8221; type=&#8221;full_width&#8221; text_align=&#8221;left&#8221; css_animation=&#8221;&#8221;][vc_column_inner][vc_separator type=&#8221;transparent&#8221; up=&#8221;40&#8243; down=&#8221;0&#8243;][vc_column_text]<\/p>\n<h2 style=\"text-align: center;\"><span style=\"color: white;\">Split has an impressive, seventeen centuries long history.<\/span><\/h2>\n<p>[\/vc_column_text][vc_separator type=&#8221;transparent&#8221; up=&#8221;79&#8243; down=&#8221;50&#8243;][\/vc_column_inner][\/vc_row_inner][\/vc_column][\/vc_row][vc_row css_animation=&#8221;&#8221; row_type=&#8221;row&#8221; use_row_as_full_screen_section=&#8221;no&#8221; type=&#8221;grid&#8221; angled_section=&#8221;no&#8221; text_align=&#8221;left&#8221; background_image_as_pattern=&#8221;without_pattern&#8221; padding_top=&#8221;75&#8243; background_color=&#8221;#ffffff&#8221;][vc_column width=&#8221;1\/2&#8243;][vc_row_inner row_type=&#8221;row&#8221; type=&#8221;full_width&#8221; text_align=&#8221;center&#8221; css_animation=&#8221;&#8221;][vc_column_inner css=&#8221;.vc_custom_1577389805953{padding-top: px !important;}&#8221;][vc_separator type=&#8221;transparent&#8221; up=&#8221;0&#8243; down=&#8221;0&#8243;][vc_column_text]<\/p>\n<h2>IDEAL FOR<\/h2>\n<p>[\/vc_column_text][vc_separator type=&#8221;small&#8221; position=&#8221;center&#8221; down=&#8221;38&#8243; up=&#8221;7&#8243;][vc_column_text]<\/p>\n<h4>Split is an ideal place for incentive, team building, conference and special group events.<\/h4>\n<p>&nbsp;<\/p>\n<p align=\"justify\">Split is an ideal place for incentive, team building, conference and special group events (VIP groups, meetings, CSR, agricultural and ecological programmes and more) as the city has quality hotels with adequate meeting spaces, excellent venues and restaurants and diverse activities to entertain your Clients. Split has plenty to offer on its own or in combination with another coastal city such as Trogir, \u0160ibenik or Zadar, the nearby islands of \u0160olta, Bra\u010d, Hvar or Vis, the hinterland locations such as ranches and farms, nature preservation areas like Krka National Park or the neighbouring country Bosnia and Herzegovina, that is less than 2 hours away by coach.<\/p>\n<p>[\/vc_column_text][vc_separator type=&#8221;transparent&#8221; up=&#8221;35&#8243; down=&#8221;0&#8243;][\/vc_column_inner][\/vc_row_inner][\/vc_column][vc_column width=&#8221;1\/2&#8243;][vc_single_image image=&#8221;15548&#8243; img_size=&#8221;full&#8221; alignment=&#8221;center&#8221; style=&#8221;vc_box_rounded&#8221; qode_css_animation=&#8221;&#8221; css=&#8221;.vc_custom_1739961934828{padding-top: 20px !important;}&#8221;][vc_separator type=&#8221;transparent&#8221; up=&#8221;60&#8243; down=&#8221;7&#8243;][\/vc_column][\/vc_row][vc_row css_animation=&#8221;&#8221; row_type=&#8221;row&#8221; use_row_as_full_screen_section=&#8221;no&#8221; type=&#8221;grid&#8221; angled_section=&#8221;no&#8221; text_align=&#8221;left&#8221; background_image_as_pattern=&#8221;without_pattern&#8221; padding_top=&#8221;75&#8243; background_color=&#8221;#ffffff&#8221;][vc_column width=&#8221;1\/2&#8243; css=&#8221;.vc_custom_1577643075865{padding-top: 50px !important;}&#8221;][vc_gallery type=&#8221;flexslider_slide&#8221; interval=&#8221;3&#8243; images=&#8221;17180,17179,17177&#8243; img_size=&#8221;full&#8221; direction_nav=&#8221;yes&#8221; control_nav=&#8221;yes&#8221;][vc_separator type=&#8221;normal&#8221;][\/vc_column][vc_column width=&#8221;1\/2&#8243;][vc_row_inner row_type=&#8221;row&#8221; type=&#8221;full_width&#8221; text_align=&#8221;center&#8221; css_animation=&#8221;&#8221;][vc_column_inner][vc_separator type=&#8221;normal&#8221; transparency=&#8221;0&#8243;][vc_separator type=&#8221;normal&#8221; transparency=&#8221;0&#8243;][vc_column_text]<\/p>\n<h2><\/h2>\n<h2>ACCOMMODATION IN SPLIT<\/h2>\n<p>[\/vc_column_text][vc_separator type=&#8221;small&#8221; position=&#8221;center&#8221; down=&#8221;38&#8243; up=&#8221;7&#8243;][vc_column_text]<\/p>\n<h4>SPLIT DMC Services &#8211; Let us advise you on best hotel options for your group<\/h4>\n<p>&nbsp;<\/p>\n<p style=\"margin: 0cm; text-align: justify; background: white; vertical-align: baseline;\"><span style=\"font-size: 10.5pt; font-family: Raleway; color: #818181;\">Split offers a variety of 4 and 5 star hotels that are ideal for conferences, meetings and incentives. Guests can choose from city hotels, business hotels, resorts, boutique hotels and unique heritage properties with fabulous design. In addition, international hotel chains such as Marriott, Accor and Radisson BLU all have hotel stunning properties in Split. Let DK Events, your Split DMC, advise you on the best hotel options for your group in Split. <\/span><\/p>\n<p>[\/vc_column_text][vc_separator type=&#8221;transparent&#8221; up=&#8221;35&#8243; down=&#8221;0&#8243;][\/vc_column_inner][\/vc_row_inner][vc_separator type=&#8221;transparent&#8221; up=&#8221;60&#8243; down=&#8221;7&#8243;][\/vc_column][\/vc_row][vc_row row_type=&#8221;parallax&#8221; parallax_content_width=&#8221;in_grid&#8221; text_align=&#8221;left&#8221; full_screen_section_height=&#8221;no&#8221; background_image=&#8221;15250&#8243; section_height=&#8221;500&#8243;][vc_column][vc_separator type=&#8221;transparent&#8221; up=&#8221;87&#8243; down=&#8221;87&#8243;][vc_column_text]<\/p>\n<h1 style=\"text-align: center;\"><span style=\"color: #ffffff;\">GET IN TOUCH WITH US!<br \/>\n<\/span><\/h1>\n<p>[\/vc_column_text][vc_separator type=&#8221;small&#8221; position=&#8221;center&#8221; down=&#8221;45&#8243; up=&#8221;7&#8243; color=&#8221;#ffffff&#8221;][vc_row_inner row_type=&#8221;row&#8221; type=&#8221;full_width&#8221; text_align=&#8221;center&#8221; css_animation=&#8221;&#8221;][vc_column_inner]<a  itemprop=\"url\" href=\"https:\/\/dkdmc.com\/cms\/contact-us\/\" target=\"_self\"  class=\"qbutton  large center white enlarge  qode-button-shadow\" style=\"\">CONTACT US<\/a>[vc_separator type=&#8221;transparent&#8221; up=&#8221;79&#8243; down=&#8221;20&#8243;][\/vc_column_inner][\/vc_row_inner][vc_separator type=&#8221;transparent&#8221; up=&#8221;40&#8243; down=&#8221;20&#8243;][\/vc_column][\/vc_row][vc_row css_animation=&#8221;&#8221; row_type=&#8221;row&#8221; use_row_as_full_screen_section=&#8221;no&#8221; type=&#8221;grid&#8221; angled_section=&#8221;no&#8221; text_align=&#8221;left&#8221; background_image_as_pattern=&#8221;without_pattern&#8221; z_index=&#8221;&#8221; css=&#8221;.vc_custom_1739952886475{padding-top: 50px !important;}&#8221; padding_top=&#8221;50&#8243;][vc_column width=&#8221;1\/2&#8243;][vc_separator type=&#8221;normal&#8221;][vc_gallery type=&#8221;flexslider_slide&#8221; interval=&#8221;3&#8243; images=&#8221;17093,17172&#8243; img_size=&#8221;full&#8221; onclick=&#8221;&#8221;][vc_separator type=&#8221;transparent&#8221; up=&#8221;15&#8243; down=&#8221;0&#8243;][\/vc_column][vc_column width=&#8221;1\/2&#8243;][vc_column_text]<\/p>\n<h2 style=\"text-align: left;\">ACTIVITIES IN SPLIT<\/h2>\n<p>[\/vc_column_text][vc_separator type=&#8221;normal&#8221; transparency=&#8221;0&#8243;][vc_column_text]<\/p>\n<p align=\"justify\"><strong>Split is one of the best destinations in Croatia for group activities.<\/strong> It is located in the centre of the Dalmatian coast with easy access to many islands, national parks, Split\u2019s hinterland and historic towns of Trogir, \u0160ibenik, Zadar and the Makarska.<\/p>\n<p align=\"justify\">In Split old town, guests can enjoy a <strong>thematic city tour<\/strong> with wine and olive oil tasting, explore the nearby Marjan Park Forest on <strong>bikes or segways<\/strong> or enjoy a <strong>wine and paint class.<\/strong> The nearby islands of \u0160olta, Bra\u010d and Hvar can be explored on <strong>exclusive sailboats, catamarans, speedboats<\/strong>, or traditional Dalmatian wooden boats. In addition, water activities like <strong>kayaking, jet skiing, and scuba diving<\/strong> are also available. For those venturing into Split&#8217;s hinterland, <strong>river rafting<\/strong> on Cetina River or a <strong>jeep safari,<\/strong> followed by a relaxing riverside lunch, are a great option.\u00a0<strong>Team-building activities<\/strong> such as a city rally, treasure hunt, or James Bond challenge are fun ways to explore the city. If you prefer spending time by the beach, consider a boat building competition, beach Olympics, or beach volleyball.<\/p>\n<p>[\/vc_column_text][vc_separator type=&#8221;transparent&#8221; up=&#8221;20&#8243; down=&#8221;16&#8243;][\/vc_column][\/vc_row][vc_row css_animation=&#8221;&#8221; row_type=&#8221;row&#8221; use_row_as_full_screen_section=&#8221;no&#8221; type=&#8221;grid&#8221; angled_section=&#8221;no&#8221; text_align=&#8221;left&#8221; background_image_as_pattern=&#8221;without_pattern&#8221; z_index=&#8221;&#8221; css=&#8221;.vc_custom_1739969417190{padding-top: 50px !important;}&#8221; background_color=&#8221;#ffffff&#8221; padding_bottom=&#8221;30&#8243;][vc_column width=&#8221;1\/2&#8243; css=&#8221;.vc_custom_1577645648264{padding-top: 10px !important;}&#8221;][vc_column_text]<\/p>\n<h2 style=\"text-align: left;\">RESTAURANTS AND VENUES<\/h2>\n<p>[\/vc_column_text][vc_separator type=&#8221;small&#8221; position=&#8221;left&#8221; up=&#8221;7&#8243; down=&#8221;34&#8243;][vc_column_text]<\/p>\n<p align=\"justify\"><strong>Split has a thriving restaurant scene<\/strong> offering diverse local and international cuisine and wonderful locations. Let\u00a0<strong>DK Events<\/strong>\u00a0help you find the\u00a0<strong>best restaurants<\/strong>\u00a0for your group.<\/p>\n<p align=\"justify\">F<strong>or gala dinners,<\/strong> Split offers many <strong>unique venues<\/strong> that can be used to stage an exquisite gala dinner or a reception. Guests can choose from 3rd century cellars, villas, galleries, museums, clubs, parks, concert arenas, ships, town squares and more. With our creativity and enthusiasm, plus the support of our valuable suppliers, we can transform any space into the custom-made <strong>gala dinner of your dreams.<\/strong><\/p>\n<p>[\/vc_column_text][vc_separator type=&#8221;transparent&#8221; up=&#8221;15&#8243; down=&#8221;0&#8243;][\/vc_column][vc_column width=&#8221;1\/2&#8243; css=&#8221;.vc_custom_1577289504715{padding-left: 5px !important;}&#8221;][vc_separator type=&#8221;transparent&#8221; up=&#8221;7&#8243; down=&#8221;10&#8243;][vc_gallery type=&#8221;flexslider_slide&#8221; interval=&#8221;3&#8243; images=&#8221;15569,15312,17164,17165&#8243; img_size=&#8221;full&#8221; onclick=&#8221;&#8221;][vc_separator type=&#8221;transparent&#8221; up=&#8221;20&#8243; down=&#8221;16&#8243;][\/vc_column][\/vc_row][vc_row css_animation=&#8221;&#8221; row_type=&#8221;row&#8221; use_row_as_full_screen_section=&#8221;no&#8221; type=&#8221;grid&#8221; angled_section=&#8221;no&#8221; text_align=&#8221;left&#8221; background_image_as_pattern=&#8221;without_pattern&#8221; padding_top=&#8221;0&#8243; padding_bottom=&#8221;0&#8243; background_color=&#8221;#ffffff&#8221; css=&#8221;.vc_custom_1739969471462{padding-bottom: 50px !important;}&#8221; z_index=&#8221;&#8221;][vc_column][vc_column_text]<\/p>\n<h3 style=\"text-align: center;\">DK EVENTS CROATIA DMC &#8211; Your Perfect Host in Split!<\/h3>\n<p>&nbsp;<\/p>\n<h4 style=\"text-align: center;\">For more information about Split, sample programmes and proposals, <a href=\"https:\/\/dkdmc.com\/cms\/contact-us\/\">please get in touch with DK Events Croatia team, your Split DMC<\/a>!<\/h4>\n<p>[\/vc_column_text][vc_separator type=&#8221;transparent&#8221; up=&#8221;31&#8243; down=&#8221;17&#8243;][\/vc_column][\/vc_row]<\/p>\n","protected":false},"excerpt":{"rendered":"<p>[vc_row css_animation=&#8221;&#8221; row_type=&#8221;row&#8221; use_row_as_full_screen_section=&#8221;no&#8221; type=&#8221;grid&#8221; angled_section=&#8221;no&#8221; text_align=&#8221;left&#8221; background_image_as_pattern=&#8221;without_pattern&#8221; padding_bottom=&#8221;0&#8243; background_color=&#8221;#ffffff&#8221; padding_top=&#8221;95&#8243;][vc_column][vc_gallery type=&#8221;image_grid&#8221; images=&#8221;17112,17161&#8243; img_size=&#8221;full&#8221; onclick=&#8221;&#8221; column_number=&#8221;2&#8243; grayscale=&#8221;no&#8221; images_space=&#8221;gallery_with_space&#8221; css=&#8221;.vc_custom_1739960859019{padding-bottom: 50px !important;}&#8221;][vc_row_inner row_type=&#8221;row&#8221; use_as_box=&#8221;use_row_as_box&#8221; type=&#8221;full_width&#8221; text_align=&#8221;left&#8221; css_animation=&#8221;&#8221; padding=&#8221;0&#8243; padding_top=&#8221;0&#8243; padding_bottom=&#8221;28&#8243;][vc_column_inner][vc_separator type=&#8221;transparent&#8221; up=&#8221;17&#8243; down=&#8221;0&#8243;][vc_column_text] SPLIT DMC &#8211; Organise Conferences, Meetings, Events and Incentive Programmes in Split &nbsp;&#8230;<\/p>\n","protected":false},"author":1,"featured_media":0,"parent":0,"menu_order":0,"comment_status":"open","ping_status":"open","template":"full_width.php","meta":{"footnotes":""},"class_list":["post-15534","page","type-page","status-publish","hentry"],"yoast_head":"<!-- This site is optimized with the Yoast SEO plugin v27.4 - https:\/\/yoast.com\/product\/yoast-seo-wordpress\/ -->\n<title>Split - DK EVENTS CROATIA DMC<\/title>\n<meta name=\"description\" content=\"Split DMC - .Organise Conferences, Meetings, Events, and Incentive Programmes in the historic city of Split on the Adriatic Coast.\" \/>\n<meta name=\"robots\" content=\"index, follow, max-snippet:-1, max-image-preview:large, max-video-preview:-1\" \/>\n<link rel=\"canonical\" href=\"https:\/\/dkdmc.com\/cms\/split-dmc\/\" \/>\n<meta property=\"og:locale\" content=\"en_GB\" \/>\n<meta property=\"og:type\" content=\"article\" \/>\n<meta property=\"og:title\" content=\"Split - DK EVENTS CROATIA DMC\" \/>\n<meta property=\"og:description\" content=\"Split DMC - .Organise Conferences, Meetings, Events, and Incentive Programmes in the historic city of Split on the Adriatic Coast.\" \/>\n<meta property=\"og:url\" content=\"https:\/\/dkdmc.com\/cms\/split-dmc\/\" \/>\n<meta property=\"og:site_name\" content=\"DK EVENTS CROATIA DMC\" \/>\n<meta property=\"article:modified_time\" content=\"2025-02-19T12:51:14+00:00\" \/>\n<meta name=\"twitter:card\" content=\"summary_large_image\" \/>\n<meta name=\"twitter:label1\" content=\"Estimated reading time\" \/>\n\t<meta name=\"twitter:data1\" content=\"5 minutes\" \/>\n<!-- \/ Yoast SEO plugin. -->","yoast_head_json":{"title":"Split - DK EVENTS CROATIA DMC","description":"Split DMC - .Organise Conferences, Meetings, Events, and Incentive Programmes in the historic city of Split on the Adriatic Coast.","robots":{"index":"index","follow":"follow","max-snippet":"max-snippet:-1","max-image-preview":"max-image-preview:large","max-video-preview":"max-video-preview:-1"},"canonical":"https:\/\/dkdmc.com\/cms\/split-dmc\/","og_locale":"en_GB","og_type":"article","og_title":"Split - DK EVENTS CROATIA DMC","og_description":"Split DMC - .Organise Conferences, Meetings, Events, and Incentive Programmes in the historic city of Split on the Adriatic Coast.","og_url":"https:\/\/dkdmc.com\/cms\/split-dmc\/","og_site_name":"DK EVENTS CROATIA DMC","article_modified_time":"2025-02-19T12:51:14+00:00","twitter_card":"summary_large_image","twitter_misc":{"Estimated reading time":"5 minutes"},"schema":{"@context":"https:\/\/schema.org","@graph":[{"@type":"WebPage","@id":"https:\/\/dkdmc.com\/cms\/split-dmc\/","url":"https:\/\/dkdmc.com\/cms\/split-dmc\/","name":"Split - DK EVENTS CROATIA DMC","isPartOf":{"@id":"https:\/\/dkdmc.com\/cms\/#website"},"datePublished":"2019-12-29T17:12:59+00:00","dateModified":"2025-02-19T12:51:14+00:00","description":"Split DMC - .Organise Conferences, Meetings, Events, and Incentive Programmes in the historic city of Split on the Adriatic Coast.","breadcrumb":{"@id":"https:\/\/dkdmc.com\/cms\/split-dmc\/#breadcrumb"},"inLanguage":"en-GB","potentialAction":[{"@type":"ReadAction","target":["https:\/\/dkdmc.com\/cms\/split-dmc\/"]}]},{"@type":"BreadcrumbList","@id":"https:\/\/dkdmc.com\/cms\/split-dmc\/#breadcrumb","itemListElement":[{"@type":"ListItem","position":1,"name":"Home","item":"https:\/\/dkdmc.com\/cms\/"},{"@type":"ListItem","position":2,"name":"Split"}]},{"@type":"WebSite","@id":"https:\/\/dkdmc.com\/cms\/#website","url":"https:\/\/dkdmc.com\/cms\/","name":"DK EVENTS CROATIA DMC","description":"Destination Management in Croatia, MICE Logistics, Travel, Sailing and DMC Services","publisher":{"@id":"https:\/\/dkdmc.com\/cms\/#organization"},"potentialAction":[{"@type":"SearchAction","target":{"@type":"EntryPoint","urlTemplate":"https:\/\/dkdmc.com\/cms\/?s={search_term_string}"},"query-input":{"@type":"PropertyValueSpecification","valueRequired":true,"valueName":"search_term_string"}}],"inLanguage":"en-GB"},{"@type":"Organization","@id":"https:\/\/dkdmc.com\/cms\/#organization","name":"DK EVENTS CROATIA DMC","url":"https:\/\/dkdmc.com\/cms\/","logo":{"@type":"ImageObject","inLanguage":"en-GB","@id":"https:\/\/dkdmc.com\/cms\/#\/schema\/logo\/image\/","url":"https:\/\/i0.wp.com\/dkdmc.com\/cms\/wp-content\/uploads\/2019\/12\/logo_1.png?fit=510%2C160&ssl=1","contentUrl":"https:\/\/i0.wp.com\/dkdmc.com\/cms\/wp-content\/uploads\/2019\/12\/logo_1.png?fit=510%2C160&ssl=1","width":510,"height":160,"caption":"DK EVENTS CROATIA DMC"},"image":{"@id":"https:\/\/dkdmc.com\/cms\/#\/schema\/logo\/image\/"}}]}},"jetpack_sharing_enabled":true,"_links":{"self":[{"href":"https:\/\/dkdmc.com\/cms\/wp-json\/wp\/v2\/pages\/15534","targetHints":{"allow":["GET"]}}],"collection":[{"href":"https:\/\/dkdmc.com\/cms\/wp-json\/wp\/v2\/pages"}],"about":[{"href":"https:\/\/dkdmc.com\/cms\/wp-json\/wp\/v2\/types\/page"}],"author":[{"embeddable":true,"href":"https:\/\/dkdmc.com\/cms\/wp-json\/wp\/v2\/users\/1"}],"replies":[{"embeddable":true,"href":"https:\/\/dkdmc.com\/cms\/wp-json\/wp\/v2\/comments?post=15534"}],"version-history":[{"count":68,"href":"https:\/\/dkdmc.com\/cms\/wp-json\/wp\/v2\/pages\/15534\/revisions"}],"predecessor-version":[{"id":17203,"href":"https:\/\/dkdmc.com\/cms\/wp-json\/wp\/v2\/pages\/15534\/revisions\/17203"}],"wp:attachment":[{"href":"https:\/\/dkdmc.com\/cms\/wp-json\/wp\/v2\/media?parent=15534"}],"curies":[{"name":"wp","href":"https:\/\/api.w.org\/{rel}","templated":true}]}}